 u + 4, s = -5*a + a + 3*u + 24. Let t(h) = 4*h - 4. What is the units digit of t(a)?
8
Let i(h) = -23*h - 3. Let s be i(-2). Let l = s + -25. What is the tens digit of l?
1
Let d(p) = -15*p - 4. What is the hundreds digit of d(-7)?
1
Let u = 73 - 17. What is the units digit of u?
6
Let t(b) = b**3 - b + 4. Let n be t(0). Let u be n/(-2) + (-24)/(-4). Suppose i - 20 = -u*i. What is the units digit of i?
4
Let y = 207 + -143. What is the units digit of y?
4
What is the tens digit of (603/27)/(2/6)?
6
Let v = -38 - -66. What is the tens digit of v?
2
Let n be 27*(-3)/(-3*1). Let r be -16 + (-3 + 1 - 0). Let f = n + r. What is the units digit of f?
9
Suppose 12*m + 112 - 2212 = 0. What is the units digit of m?
5
Let j = 64 + -28. What is the units digit of j?
6
Let i(h) = 2*h - 4. Let j(n) = -n**3 - 2*n**2 + 2*n + 1. Let w be j(-3). Let g(a) = -3*a + 5. Let b(z) = w*g(z) + 5*i(z). What is the units digit of b(-5)?
0
Suppose 3*b = -4*n + 94, -10 = -5*b + 3*n + 195. Suppose t + 5*s - b = 0, -s = -4 + 1. What is the units digit of t?
3
Let j(t) be the first derivative of t**3/3 - 7*t**2/2 - 4*t + 1. Let l be j(8). Suppose l*c - 2*a - 27 = 7, -c - 5*a = 8. What is the units digit of c?
7
Let g = -16 - -22. What is the units digit of (g/(-4) + 1)*-2?
1
Suppose -5*n = -5*r - 25, 0 = n + 3*r - 6 - 15. What is the units digit of n?
9
Suppose -k - b + 0 = 1, 5*k + b + 25 = 0. Let z be (4/10)/(1/30). Let y = z + k. What is the units digit of y?
6
Suppose 0*f = 3*f. Suppose 4*g = -0*a - 2*a + 58, f = -5*a - 2*g + 121. What is the tens digit of a?
2
Suppose q + 0 - 4 = 0. Let o = 0 + q. What is the units digit of o?
4
Suppose 0 = 5*q - 2*p + 18 - 177, -q = p - 36. What is the units digit of q?
3
Let n = 2 - 0. Suppose -n*y = 2*y - 52. What is the tens digit of y?
1
Let k be (4/(-6))/(2/(-15)). Let s = -2 - k. Let o(c) = -3*c - 9. What is the tens digit of o(s)?
1
Let o = 6 + -4. Suppose d = -o*d + 18. What is the units digit of d?
6
Suppose -j + 23 = -0*j. Suppose -j = -3*x - 2. What is the units digit of x?
7
What is the units digit of -5 + 0 + 52 - (-1 + 3)?
5
Let i(t) = -6*t**3 - 2*t**2 + 1. Let b be i(-1). Let n(a) = a**2 - a - 3. What is the units digit of n(b)?
7
Let y(z) = z - 1. Let d(l) = -7*l**2 - 7*l + 3. Let a(b) = -d(b) - 5*y(b). What is the units digit of a(-2)?
6
Suppose -2037 = -16*x - 229. What is the units digit of x?
3
Let f(g) be the first derivative of 2*g**3 + g**2/2 - 6*g + 2. Let c(u) = 5*u**2 + 2*u - 6. Let p(w) = 7*c(w) - 6*f(w). What is the units digit of p(6)?
6
Let v(b) = 57*b - 14. What is the tens digit of v(2)?
0
Let l(k) = k - 4. Let v be l(6). Let x(n) = v - 5 - 3*n - n. What is the units digit of x(-3)?
9
Suppose 6*h - 3*h = 0. Suppose -2*p = -6*p + 120. Suppose -7*k + 4*k + p = h. What is the tens digit of k?
1
Let d(v) = -v**3 + 7*v**2 + 7*v - 1. Let s be d(7). Suppose -2*c + 0*c = -s. What is the tens digit of c?
2
Suppose x = 2*x - 2. Suppose 3*b = -2*c + 22, -4*b - 2*c - x*c = -36. Suppose -5*t + 9 = -b*t. What is the units digit of t?
9
Let f = 0 + 5. Let d(a) = -3*a + 21. Let p(t) = 2*t - 11. Let h(i) = f*p(i) + 3*d(i). What is the units digit of h(0)?
8
Let f(y) = y**2 + 8*y + 2. Let l be f(-8). Let z(b) = -3*b + 4*b - l*b - 2. What is the units digit of z(-5)?
3
Suppose 4*v - 4 - 4 = 0. Suppose 15 = 5*g - 5*m, 5*m + 1 = 2*g + v*m. Suppose 4*o = 8 + g. What is the units digit of o?
4
What is the tens digit of 42 + 1 + (-5 - -4)?
4
Let u(a) = a**3 - 4*a**2 - 5*a + 3. Let w be u(5). Suppose 0 = -2*d - 5*v + 12, -4*v = -w*v + 4. What is the units digit of d?
6
Let v(g) = -3*g - 7. Let q be v(-6). Let f(y) = -y**3 + 12*y**2 - 10*y - 10. Let p be f(q). What is the units digit of p/(1/15*3)?
5
Suppose -10 = -v + 50. What is the tens digit of v?
6
Let m(b) = -b**3 - b**2 - b + 5. Let r be m(0). Suppose 0*l = 2*l - 4, r*n + 5*l - 20 = 0. Suppose n*f = 1 + 1. What is the units digit of f?
1
Let y be ((-6)/4 - -2)*10. Let n be 1/2*2 - (-71 - 9). Suppose -4*g + n = -y*j, 4*j + 76 = 2*g + 2*g. What is the tens digit of g?
1
Suppose 5 = -j + 41. What is the units digit of j?
6
Let r be 2/(-4)*2*-1. Let m = r - -23. Suppose 2*n - m = -4. What is the tens digit of n?
1
Let j be (-6)/(-9) - 5/3. Let k be (j + 4 - 3) + -2. What is the units digit of (k - 21/(-6))*12?
8
Let g(d) = 4*d**3 + d**2 - d + 2. Let r be g(2). Suppose 0*p = -p + r. Suppose 4*a + 4 - p = 0. What is the units digit of a?
8
Let n be 0/(3/(6/4)). Suppose -l + 2*z = -0*l - 13, n = 2*l + 5*z + 10. What is the units digit of l?
5
Let l(v) = -5*v - 34. What is the tens digit of l(-15)?
4
Let l(a) = -45*a**3 - a**2 - a - 1. What is the units digit of l(-1)?
4
Suppose 0 = -j + 25 - 69. What is the units digit of (-8)/j - (-75)/11?
7
Let v(d) = 3*d**2 + 18*d - 24. Let a(g) = -4*g**2 - 27*g + 36. Let o(t) = 5*a(t) + 7*v(t). What is the units digit of o(9)?
2
Let d(k) = 4 - 4*k**2 - 4*k + 0*k**2 + 4*k**2 - k**2. Let x be d(-4). Suppose -1 = -w, -3*w + 15 = -2*b + x*b. What is the units digit of b?
6
Suppose 0 = -y + 4*h - 4, -5*h = 3*y - 2*y - 5. Let t be 0 + (y - (2 + 0)). Let k = 6 + t. What is the units digit of k?
4
Let v be -1 - -1 - (3 + -7). Suppose 0*p + 18 = 3*p. Let x = v + p. What is the tens digit of x?
1
Let q(a) = a**3 + 10*a**2 + 8*a + 4. Let h be q(-8). Suppose 42 = 2*y - h. Suppose -y = -5*x - 10. What is the units digit of x?
9
Let x(m) = -15*m + 2. What is the tens digit of x(-3)?
4
Suppose 5 = -a + 14. What is the units digit of a?
9
Suppose 0*w - 4*w = 2*d + 66, -22 = 3*w - 4*d. Let t(g) = -g**3 + 10*g**2 - 5*g - 12. Let i be t(9). Let j = i + w. What is the tens digit of j?
1
Let b(x) = 2*x**2 - x. Let c be b(-2). Let f = c - 6. What is the units digit of f?
4
Let r(a) = a - 1. Suppose 2*f = -s + 12, 0*s + s = f. Let q be r(f). Suppose 3*x = 3 + q. What is the units digit of x?
2
Let o(s) = -s + 3. Let x be ((-12)/8)/(6/16). Let b be (0/2)/(x + 5). What is the units digit of o(b)?
3
Suppose 2*a - 2 + 0 = 0. Suppose -3*y - 10 + a = 0. Let o(i) = 2*i**2 + 3*i + 3. What is the units digit of o(y)?
2
Let i(t) = -t**3 - 9*t**2 + 8*t + 9. What is the units digit of i(-10)?
9
Suppose 2*c - 6*m + m + 8 = 0, -m + 7 = 5*c. Suppose -k + 13 = c. What is the units digit of k?
2
Let s(j) = -10*j**2. Let i be s(-1). Let q = 22 + i. What is the tens digit of q?
1
Let m be ((-14)/4)/7*0. Suppose b + 2*b - 45 = m. What is the tens digit of b?
1
Let d(x) = 31*x - 1. Let t be d(1). Let q = -16 - -21. Suppose 3*n - 4 = -q*o + t, 0 = -n + 3*o - 12. What is the units digit of n?
3
Let s be 4/6 + (-74)/(-6). Suppose 3*y - 2 = s. Suppose 2 = -2*i + 4*f, 1 + 8 = y*i - 3*f. What is the units digit of i?
3
Let o be (-54)/12*4/(-3). Let q = 13 + o. What is the tens digit of q?
1
Suppose 0*f + 16 = -2*f. What is the tens digit of ((-14)/f)/((-4)/(-32))?
1
Suppose 7 = -3*t + 19. Let a(r) = 3*r**2 - 5*r - 3. What is the tens digit of a(t)?
2
Let r(m) = -2*m - 6. Suppose 4*a = -w - 18, -a + 3*w - 2 = a. Let y be r(a). Let g(q) = q**2 - 1. What is the units digit of g(y)?
3
Suppose 0 = 4*i + i - 5. Let n = -23 + i. Let t = 31 + n. What is the units digit of t?
9
Let h = 81 - 45. Suppose -4*r + 16 = 0, c = -c - r - 6. What is the units digit of (-3)/15 - h/c?
7
Suppose -2*x + x = -5. What is the units digit of x?
5
Let b(a) = -a**2 + 8*a - 9. Let r be b(6). Suppose 2*x - 6 - 4 = -2*t, 11 = r*x - t. Let k = x - 3. What is the units digit of k?
1
Suppose 39 = -4*u + 3. Let n = 14 + u. Suppose 2 + 3 = n*j. What is the units digit of j?
1
Let y(o) = -o**3 + 12*o**2 - 10*o - 12. Let l be y(11). Let x(z) = -z + 0*z + 2*z + 1 + 9*z**2. What is the units digit of x(l)?
9
Let i(y) = 46*y**3 + y. Let f be i(-1). Let h = -32 - f. What is the units digit of h?
5
Suppose 6*c - 3*c = 90. What is the units digit of c?
0
Suppose 1628 - 4300 = -16*j. What is the units digit of j?
7
Let b be 2/(-4) + 9/2. Suppose 26 = b*f - 50. Let q = f + -13. What is the units digit of q?
6
Suppose 0 = -z - 36 + 101. What is the tens digit of z?
6
Let k = 13 - 7. Let h = 6 - k. Suppose 3*y + h*y = 6. What is the units digit of y?
2
Let z be 9 + (-3 - -1) + -1. Suppose z = -2*h + 74. What is the tens digit of h?
3
Suppose -4*q = -5*q + 8. What is the units digit of q?
8
Let x = 23 + -15. Let v = 18 - 12. Suppose 